7, 991
List the prime factors of 4674.
2, 3, 19, 41
What are the prime factors of 38574?
2, 3, 2143
What are the prime factors of 117460?
2, 5, 7, 839
What are the prime factors of 31780?
2, 5, 7, 227
List the prime factors of 5178.
2, 3, 863
What are the prime factors of 39694?
2, 89, 223
What are the prime factors of 16250?
2, 5, 13
List the prime factors of 305.
5, 61
List the prime factors of 1662.
2, 3, 277
List the prime factors of 957.
3, 11, 29
List the prime factors of 16613.
37, 449
What are the prime factors of 428?
2, 107
List the prime factors of 8502.
2, 3, 13, 109
List the prime factors of 165940.
2, 5, 8297
List the prime factors of 6678.
2, 3, 7, 53
List the prime factors of 339.
3, 113
What are the prime factors of 5550?
2, 3, 5, 37
What are the prime factors of 15094?
2, 7547
What are the prime factors of 1739?
37, 47
List the prime factors of 483.
3, 7, 23
List the prime factors of 49337.
103, 479
List the prime factors of 4185.
3, 5, 31
List the prime factors of 8349.
3, 11, 23
List the prime factors of 43187.
19, 2273
List the prime factors of 15605.
5, 3121
List the prime factors of 70348.
2, 43, 409
What are the prime factors of 93121?
7, 53, 251
List the prime factors of 1057.
7, 151
What are the prime factors of 12851?
71, 181
What are the prime factors of 48235?
5, 11, 877
List the prime factors of 1619.
1619
List the prime factors of 271.
271
List the prime factors of 28662.
2, 3, 17, 281
What are the prime factors of 63303?
3, 21101
List the prime factors of 94668.
2, 3, 7, 23
What are the prime factors of 4059?
3, 11, 41
What are the prime factors of 1319?
1319
List the prime factors of 11401.
13, 877
List the prime factors of 16384.
2
What are the prime factors of 4797?
3, 13, 41
List the prime factors of 3710.
2, 5, 7, 53
List the prime factors of 13354.
2, 11, 607
What are the prime factors of 75440?
2, 5, 23, 41
List the prime factors of 17335.
5, 3467
What are the prime factors of 73?
73
List the prime factors of 40060.
2, 5, 2003
List the prime factors of 29184.
2, 3, 19
List the prime factors of 57371.
103, 557
List the prime factors of 12281.
12281
What are the prime factors of 7562?
2, 19, 199
What are the prime factors of 20807?
20807
What are the prime factors of 918?
2, 3, 17
What are the prime factors of 1072?
2, 67
List the prime factors of 26679.
3, 8893
List the prime factors of 103434.
2, 3, 17239
List the prime factors of 872.
2, 109
List the prime factors of 20847.
3, 6949
What are the prime factors of 29323?
7, 59, 71
List the prime factors of 174.
2, 3, 29
What are the prime factors of 946?
2, 11, 43
What are the prime factors of 12249?
3, 1361
What are the prime factors of 287?
7, 41
What are the prime factors of 116092?
2, 29023
List the prime factors of 3781.
19, 199
List the prime factors of 101801.
7, 14543
List the prime factors of 592.
2, 37
What are the prime factors of 1553?
1553
List the prime factors of 4105.
5, 821
What are the prime factors of 52299?
3, 13, 149
What are the prime factors of 2423?
2423
What are the prime factors of 19103?
7, 2729
What are the prime factors of 2846?
2, 1423
List the prime factors of 25748.
2, 41, 157
List the prime factors of 6438.
2, 3, 29, 37
List the prime factors of 9.
3
List the prime factors of 15064.
2, 7, 269
List the prime factors of 234.
2, 3, 13
List the prime factors of 24706.
2, 11, 1123
What are the prime factors of 8505?
3, 5, 7
List the prime factors of 22823.
29, 787
List the prime factors of 5029.
47, 107
List the prime factors of 1367.
1367
List the prime factors of 2489.
19, 131
List the prime factors of 1437.
3, 479
What are the prime factors of 22209?
3, 11, 673
What are the prime factors of 1031?
1031
What are the prime factors of 1109?
1109
What are the prime factors of 1042?
2, 521
What are the prime factors of 28?
2, 7
What are the prime factors of 878?
2, 439
List the prime factors of 1279.
1279
What are the prime factors of 511?
7, 73
List the prime factors of 7860.
2, 3, 5, 131
List the prime factors of 613.
613
List the prime factors of 18471.
3, 47, 131
What are the prime factors of 65072?
2, 7, 83
List the prime factors of 2482.
2, 17, 73
List the prime factors of 43767.
3, 1621
List the prime factors of 26055.
3, 5, 193
List the prime factors of 490.
2, 5, 7
List the prime factors of 2163.
3, 7, 103
What are the prime factors of 6951?
3, 7, 331
What are the prime factors of 5580?
2, 3, 5, 31
What are the prime factors of 10361?
13, 797
What are the prime factors of 1069?
1069
What are the prime factors of 1202?
2, 601
What are the prime factors of 12996?
2, 3, 19
List the prime factors of 1910.
2, 5, 191
List the prime factors of 32391.
3, 59, 61
What are the prime factors of 377?
13, 29
What are the prime factors of 107?
107
What are the prime factors of 12788?
2, 23, 139
What are the prime factors of 4?
2
What are the prime factors of 1518?
2, 3, 11, 23
What are the prime factors of 136007?
277, 491
What are the prime factors of 5887?
7, 29
What are the prime factors of 14067?
3, 521
What are the prime factors of 58461?
3, 13, 1499
List the prime factors of 76821.
3, 29, 883
List the prime factors of 6481.
6481
What are the prime factors of 57150?
2, 3, 5, 127
List the prime factors of 38832.
2, 3, 809
List the prime factors of 3703.
7, 23
What are the prime factors of 11145?
3, 5, 743
List the prime factors of 39516.
2, 3, 37, 89
What are the prime factors of 5?
5
What are the prime factors of 85627?
85627
What are the prime factors of 292?
2, 73
What are the prime factors of 1646?
2, 823
List the prime factors of 996.
2, 3, 83
What are the prime factors of 157?
157
What are the prime factors of 6232?
2, 19, 41
What are the prime factors of 2592?
2, 3
What are the prime factors of 33471?
3, 3719
List the prime factors of 7668.
2, 3, 71
What are the prime factors of 785?
5, 157
List the prime factors of 44893.
44893
List the prime factors of 397.
397
What are the prime factors of 42836?
2, 10709
What are the prime factors of 67874?
2, 33937
List the prime factors of 472.
2, 59
List the prime factors of 15048.
2, 3, 11, 19
What are the prime factors of 100814?
2, 7, 19, 379
What are the prime factors of 1646?
2, 823
What are the prime factors of 6957?
3, 773
What are the prime factors of 2692?
2, 673
List the prime factors of 9368.
2, 1171
What are the prime factors of 6799?
13, 523
List the prime factors of 498.
2, 3, 83
What are the prime factors of 1485?
3, 5, 11
List the prime factors of 37616.
2, 2351
List the prime factors of 14123.
29, 487
List the prime factors of 2176.
2, 17
List the prime factors of 421.
421
List the prime factors of 122409.
3, 7, 29, 67
What are the prime factors of 1134?
2, 3, 7
What are the prime factors of 2189?
11, 199
List the prime factors of 33988.
2, 29, 293
List the prime factors of 101829.
3, 7, 13, 373
What are the prime factors of 15004?
2, 11, 31
List the prime factors of 35035.
5, 7, 11, 13
What are the prime factors of 2857?
2857
What are the prime factors of 801?
3, 89
List the prime factors of 26542.
2, 23, 577
What are the prime factors of 59534?
2, 17, 103
What are the prime factors of 3335?
5, 23, 29
What are the prime factors of 830?
2, 5, 83
List the prime factors of 113.
113
What are the prime factors of 3759?
3, 7, 179
List the prime factors of 17442.
2, 3, 17, 19
List the prime factors of 24357.
3, 23, 353
What are the prime factors of 3205?
5, 641
List the prime factors of 1353.
3, 11, 41
List the prime factors of 45334.
2, 19, 1193
List the prime factors of 5767.
73, 79
List the prime factors of 1303.
1303
What are the prime factors of 1182?
2, 3, 197
What are the prime factors of 54?
2, 3
List the prime factors of 80725.
5, 3229
What are the prime factors of 14216?
2, 1777
List the prime factors of 920.
2, 5, 23
List the prime factors of 2061.
3, 229
What are the prime factors of 451?
11, 41
List the prime factors of 5878.
2, 2939
What are the prime factors of 40643?
97, 419
List the prime factors of 868.
2, 7, 31
List the prime factors of 1447.
1447
List the prime factors of 10167.
3, 3389
What are the prime factors of 973?
7, 139
List the prime factors of 26683.
26683
List the prime factors of 3340.
2, 5, 167
What are the prime factors of 15786?
2, 3, 87